{"id":4154,"date":"2025-02-16T08:26:07","date_gmt":"2025-02-16T08:26:07","guid":{"rendered":"https:\/\/afflatuscreations.com\/?page_id=4154"},"modified":"2025-02-16T08:26:59","modified_gmt":"2025-02-16T08:26:59","slug":"hotel-acapulco","status":"publish","type":"page","link":"https:\/\/afflatuscreations.com\/index.php\/hotel-acapulco\/","title":{"rendered":"HOTEL ACAPULCO"},"content":{"rendered":"\t\t<div data-elementor-type=\"wp-page\" data-elementor-id=\"4154\" class=\"elementor elementor-4154\" data-elementor-post-type=\"page\">\n\t\t\t\t\t\t<section class=\"elementor-section elementor-top-section elementor-element elementor-element-e700cb2 elementor-section-boxed elementor-section-height-default elementor-section-height-default\" data-id=\"e700cb2\" data-element_type=\"section\">\n\t\t\t\t\t\t<div class=\"elementor-container elementor-column-gap-default\">\n\t\t\t\t\t<div class=\"elementor-column elementor-col-100 elementor-top-column elementor-element elementor-element-f94a7d6\" data-id=\"f94a7d6\" data-element_type=\"column\">\n\t\t\t<div class=\"elementor-widget-wrap elementor-element-populated\">\n\t\t\t\t\t\t<div class=\"elementor-element elementor-element-c3b7394 elementor-widget elementor-widget-text-editor\" data-id=\"c3b7394\" data-element_type=\"widget\" data-widget_type=\"text-editor.default\">\n\t\t\t\t<div class=\"elementor-widget-container\">\n\t\t\t\t\t\t\t<p><strong>HOTEL ACAPULCO<\/strong><\/p>\n<p>\u00a0<\/p>\n<p>My emaciated hands continued to write,<\/p>\n<p>turning each voice of death into paper,<\/p>\n<p>That he lefts no will,<\/p>\n<p>forgetting to look after<\/p>\n<p>what everyone defines as the normal business<\/p>\n<p>of every human being: office, home, family,<\/p>\n<p>the ideal, at last, of a regular life.<\/p>\n<p>\u00a0<\/p>\n<p>Abandoned, back in 2026, any defense<\/p>\n<p>of a permanent contract,<\/p>\n<p>labelled as unbalanced,<\/p>\n<p>i&#8217;m locked up in the centre of Milan,<\/p>\n<p>Hotel Acapulco, a decrepit hotel,<\/p>\n<p>calling upon the dreams of the marginalized,<\/p>\n<p>exhausting a lifetime&#8217;s savings<\/p>\n<p>in magazines and meagre meals.<\/p>\n<p>\u00a0<\/p>\n<p>When the Carabinieri burst<\/p>\n<p>into the decrepit room of the Hotel Acapulco<\/p>\n<p>and find yet another dead man without a will,<\/p>\n<p>who will tell the ordinary story<\/p>\n<p>of an old man who lived windbreak?<\/p>\n<p><strong>\u00a0<\/strong><\/p>\n<p><strong>By <\/strong><strong>Ivan Pozzoni &#8211; <\/strong><\/p>\n<p><strong>Ivan Pozzoni<\/strong>, born in 1976 in Monza, is a prominent figure in Italian literature and philosophy. He pioneered the integration of Law and Literature in Italy and authored numerous essays on Italian philosophers and ancient world ethics and juridical theory. Pozzoni has contributed to various Italian and international publications and has written 150 books and over 1000 essays.<\/p>\n<p>He founded and directed two literary magazines, &#8220;Il Guastatore&#8221; and &#8220;L&#8217;Arrivista,&#8221; and currently edits the international philosophical magazine &#8220;Informaci\u00f3n Filos\u00f3fica.&#8221; Pozzoni also established the avant-garde movement &#8220;N\u00e9oN-avant-gardisme,&#8221; recognized by Zygmunt Bauman, and authored the Anti-manifesto N\u00e9oN-Avant-gardiste.<\/p>\n<p>His works have been included in major university literature and philosophy manuals and have been translated into French, English, and Spanish. \u2013 Can be contacted at <strong>Ivan Pozzoni<\/strong>\u00a0&lt;ivan.pozzoni@gmail.com&gt;<\/p>\t\t\t\t\t\t<\/div>\n\t\t\t\t<\/div>\n\t\t\t\t\t<\/div>\n\t\t<\/div>\n\t\t\t\t\t<\/div>\n\t\t<\/section>\n\t\t\t\t<\/div>\n\t\t","protected":false},"excerpt":{"rendered":"<p>HOTEL ACAPULCO \u00a0 My emaciated hands continued to write, turning each voice of death into paper, That he lefts no will, forgetting to look after what everyone defines as the normal business of every human being: office, home, family, the ideal, at last, of a regular life. \u00a0 Abandoned, back in 2026, any defense of [&hellip;]<\/p>\n","protected":false},"author":1,"featured_media":0,"parent":0,"menu_order":0,"comment_status":"closed","ping_status":"closed","template":"elementor_header_footer","meta":{"footnotes":""},"class_list":["post-4154","page","type-page","status-publish","hentry"],"yoast_head":"<!-- This site is optimized with the Yoast SEO plugin v26.8 - https:\/\/yoast.com\/product\/yoast-seo-wordpress\/ -->\n<title>HOTEL ACAPULCO - Afflatus Creations<\/title>\n<meta name=\"description\" content=\"My emaciated hands continued to write, turning each voice of death into paper, That he lefts no will, forgetting to look after\" \/>\n<meta name=\"robots\" content=\"index, follow, max-snippet:-1, max-image-preview:large, max-video-preview:-1\" \/>\n<link rel=\"canonical\" href=\"https:\/\/afflatuscreations.com\/index.php\/hotel-acapulco\/\" \/>\n<meta property=\"og:locale\" content=\"en_US\" \/>\n<meta property=\"og:type\" content=\"article\" \/>\n<meta property=\"og:title\" content=\"HOTEL ACAPULCO - Afflatus Creations\" \/>\n<meta property=\"og:description\" content=\"My emaciated hands continued to write, turning each voice of death into paper, That he lefts no will, forgetting to look after\" \/>\n<meta property=\"og:url\" content=\"https:\/\/afflatuscreations.com\/index.php\/hotel-acapulco\/\" \/>\n<meta property=\"og:site_name\" content=\"Afflatus Creations\" \/>\n<meta property=\"article:modified_time\" content=\"2025-02-16T08:26:59+00:00\" \/>\n<meta name=\"twitter:card\" content=\"summary_large_image\" \/>\n<meta name=\"twitter:label1\" content=\"Est. reading time\" \/>\n\t<meta name=\"twitter:data1\" content=\"2 minutes\" \/>\n<script type=\"application\/ld+json\" class=\"yoast-schema-graph\">{\"@context\":\"https:\/\/schema.org\",\"@graph\":[{\"@type\":\"WebPage\",\"@id\":\"https:\/\/afflatuscreations.com\/index.php\/hotel-acapulco\/\",\"url\":\"https:\/\/afflatuscreations.com\/index.php\/hotel-acapulco\/\",\"name\":\"HOTEL ACAPULCO - Afflatus Creations\",\"isPartOf\":{\"@id\":\"https:\/\/afflatuscreations.com\/#website\"},\"datePublished\":\"2025-02-16T08:26:07+00:00\",\"dateModified\":\"2025-02-16T08:26:59+00:00\",\"description\":\"My emaciated hands continued to write, turning each voice of death into paper, That he lefts no will, forgetting to look after\",\"breadcrumb\":{\"@id\":\"https:\/\/afflatuscreations.com\/index.php\/hotel-acapulco\/#breadcrumb\"},\"inLanguage\":\"en-US\",\"potentialAction\":[{\"@type\":\"ReadAction\",\"target\":[\"https:\/\/afflatuscreations.com\/index.php\/hotel-acapulco\/\"]}]},{\"@type\":\"BreadcrumbList\",\"@id\":\"https:\/\/afflatuscreations.com\/index.php\/hotel-acapulco\/#breadcrumb\",\"itemListElement\":[{\"@type\":\"ListItem\",\"position\":1,\"name\":\"Home\",\"item\":\"https:\/\/afflatuscreations.com\/\"},{\"@type\":\"ListItem\",\"position\":2,\"name\":\"HOTEL ACAPULCO\"}]},{\"@type\":\"WebSite\",\"@id\":\"https:\/\/afflatuscreations.com\/#website\",\"url\":\"https:\/\/afflatuscreations.com\/\",\"name\":\"Afflatus Creations\",\"description\":\"An Apex Online International Journal\",\"publisher\":{\"@id\":\"https:\/\/afflatuscreations.com\/#organization\"},\"potentialAction\":[{\"@type\":\"SearchAction\",\"target\":{\"@type\":\"EntryPoint\",\"urlTemplate\":\"https:\/\/afflatuscreations.com\/?s={search_term_string}\"},\"query-input\":{\"@type\":\"PropertyValueSpecification\",\"valueRequired\":true,\"valueName\":\"search_term_string\"}}],\"inLanguage\":\"en-US\"},{\"@type\":\"Organization\",\"@id\":\"https:\/\/afflatuscreations.com\/#organization\",\"name\":\"Afflatus Creations\",\"url\":\"https:\/\/afflatuscreations.com\/\",\"logo\":{\"@type\":\"ImageObject\",\"inLanguage\":\"en-US\",\"@id\":\"https:\/\/afflatuscreations.com\/#\/schema\/logo\/image\/\",\"url\":\"https:\/\/afflatuscreations.com\/wp-content\/uploads\/2024\/04\/cropped-afflatuscreations.png\",\"contentUrl\":\"https:\/\/afflatuscreations.com\/wp-content\/uploads\/2024\/04\/cropped-afflatuscreations.png\",\"width\":1836,\"height\":2991,\"caption\":\"Afflatus Creations\"},\"image\":{\"@id\":\"https:\/\/afflatuscreations.com\/#\/schema\/logo\/image\/\"}}]}<\/script>\n<!-- \/ Yoast SEO plugin. -->","yoast_head_json":{"title":"HOTEL ACAPULCO - Afflatus Creations","description":"My emaciated hands continued to write, turning each voice of death into paper, That he lefts no will, forgetting to look after","robots":{"index":"index","follow":"follow","max-snippet":"max-snippet:-1","max-image-preview":"max-image-preview:large","max-video-preview":"max-video-preview:-1"},"canonical":"https:\/\/afflatuscreations.com\/index.php\/hotel-acapulco\/","og_locale":"en_US","og_type":"article","og_title":"HOTEL ACAPULCO - Afflatus Creations","og_description":"My emaciated hands continued to write, turning each voice of death into paper, That he lefts no will, forgetting to look after","og_url":"https:\/\/afflatuscreations.com\/index.php\/hotel-acapulco\/","og_site_name":"Afflatus Creations","article_modified_time":"2025-02-16T08:26:59+00:00","twitter_card":"summary_large_image","twitter_misc":{"Est. reading time":"2 minutes"},"schema":{"@context":"https:\/\/schema.org","@graph":[{"@type":"WebPage","@id":"https:\/\/afflatuscreations.com\/index.php\/hotel-acapulco\/","url":"https:\/\/afflatuscreations.com\/index.php\/hotel-acapulco\/","name":"HOTEL ACAPULCO - Afflatus Creations","isPartOf":{"@id":"https:\/\/afflatuscreations.com\/#website"},"datePublished":"2025-02-16T08:26:07+00:00","dateModified":"2025-02-16T08:26:59+00:00","description":"My emaciated hands continued to write, turning each voice of death into paper, That he lefts no will, forgetting to look after","breadcrumb":{"@id":"https:\/\/afflatuscreations.com\/index.php\/hotel-acapulco\/#breadcrumb"},"inLanguage":"en-US","potentialAction":[{"@type":"ReadAction","target":["https:\/\/afflatuscreations.com\/index.php\/hotel-acapulco\/"]}]},{"@type":"BreadcrumbList","@id":"https:\/\/afflatuscreations.com\/index.php\/hotel-acapulco\/#breadcrumb","itemListElement":[{"@type":"ListItem","position":1,"name":"Home","item":"https:\/\/afflatuscreations.com\/"},{"@type":"ListItem","position":2,"name":"HOTEL ACAPULCO"}]},{"@type":"WebSite","@id":"https:\/\/afflatuscreations.com\/#website","url":"https:\/\/afflatuscreations.com\/","name":"Afflatus Creations","description":"An Apex Online International Journal","publisher":{"@id":"https:\/\/afflatuscreations.com\/#organization"},"potentialAction":[{"@type":"SearchAction","target":{"@type":"EntryPoint","urlTemplate":"https:\/\/afflatuscreations.com\/?s={search_term_string}"},"query-input":{"@type":"PropertyValueSpecification","valueRequired":true,"valueName":"search_term_string"}}],"inLanguage":"en-US"},{"@type":"Organization","@id":"https:\/\/afflatuscreations.com\/#organization","name":"Afflatus Creations","url":"https:\/\/afflatuscreations.com\/","logo":{"@type":"ImageObject","inLanguage":"en-US","@id":"https:\/\/afflatuscreations.com\/#\/schema\/logo\/image\/","url":"https:\/\/afflatuscreations.com\/wp-content\/uploads\/2024\/04\/cropped-afflatuscreations.png","contentUrl":"https:\/\/afflatuscreations.com\/wp-content\/uploads\/2024\/04\/cropped-afflatuscreations.png","width":1836,"height":2991,"caption":"Afflatus Creations"},"image":{"@id":"https:\/\/afflatuscreations.com\/#\/schema\/logo\/image\/"}}]}},"_links":{"self":[{"href":"https:\/\/afflatuscreations.com\/index.php\/wp-json\/wp\/v2\/pages\/4154","targetHints":{"allow":["GET"]}}],"collection":[{"href":"https:\/\/afflatuscreations.com\/index.php\/wp-json\/wp\/v2\/pages"}],"about":[{"href":"https:\/\/afflatuscreations.com\/index.php\/wp-json\/wp\/v2\/types\/page"}],"author":[{"embeddable":true,"href":"https:\/\/afflatuscreations.com\/index.php\/wp-json\/wp\/v2\/users\/1"}],"replies":[{"embeddable":true,"href":"https:\/\/afflatuscreations.com\/index.php\/wp-json\/wp\/v2\/comments?post=4154"}],"version-history":[{"count":4,"href":"https:\/\/afflatuscreations.com\/index.php\/wp-json\/wp\/v2\/pages\/4154\/revisions"}],"predecessor-version":[{"id":4161,"href":"https:\/\/afflatuscreations.com\/index.php\/wp-json\/wp\/v2\/pages\/4154\/revisions\/4161"}],"wp:attachment":[{"href":"https:\/\/afflatuscreations.com\/index.php\/wp-json\/wp\/v2\/media?parent=4154"}],"curies":[{"name":"wp","href":"https:\/\/api.w.org\/{rel}","templated":true}]}}